{"id":872,"date":"2023-10-22T20:21:07","date_gmt":"2023-10-22T20:21:07","guid":{"rendered":"https:\/\/ladyrugs.com\/?page_id=872"},"modified":"2024-12-17T03:09:18","modified_gmt":"2024-12-17T03:09:18","slug":"donde-comprar","status":"publish","type":"page","link":"https:\/\/ladyrugs.com\/index.php\/donde-comprar\/","title":{"rendered":"Donde comprar"},"content":{"rendered":"<div class=\"brz-root__container brz-reset-all brz\">{{ brizy_dc_global_blocks position=&#8217;top&#8217; }}<\/p>\n<section id=\"{{placeholder content='e3sgcmFuZG9tX2lkIH19' key='babyijdxbooggonwhhgvyqwqstogvyoqycen'}}_babyijdxbooggonwhhgvyqwqstogvyoqycen\" class=\"brz-section brz-css-tz7wL\">\n<div class=\"brz-section__content brz-section--boxed brz-css-nIpqQ brz-css-iqXVV\" data-brz-custom-id=\"yrtmwfjlffhciuyhlgxahfjjhajvfzzocnbq\">\n<div class=\"brz-container brz-css-ofvO1\">\n<div id=\"\" class=\"brz-css-n6aYr brz-css-iFYl6 brz-wrapper\">\n<div class=\"brz-rich-text brz-rich-text__custom brz-css-jtsfA\" data-brz-custom-id=\"mnxejdulmouhbgbzegznzezgjxocreowsmgq\">\n<div data-brz-translate-text=\"1\">\n<h2 class=\"brz-tp-lg-heading2 brz-text-lg-center brz-css-u_OGo\" data-uniq-id=\"yfvvy\" data-generated-css=\"brz-css-jpysr\"><span class=\"brz-cp-color2\">\u00a1Tengo la fortuna incre\u00edble de exponer<\/span><\/h2>\n<h2 class=\"brz-tp-lg-heading2 brz-text-lg-center brz-css-sMts3\" data-uniq-id=\"yfvvy\" data-generated-css=\"brz-css-jpysr\"><span class=\"brz-cp-color2\">mis piezas en lugares maravillosos!<\/span><\/h2>\n<\/div>\n<\/div>\n<\/div>\n<div id=\"\" class=\"brz-css-n6aYr brz-css-d3sOE brz-wrapper\">\n<div class=\"brz-rich-text brz-rich-text__custom brz-css-jtsfA\" data-brz-custom-id=\"xdqsgwjkyzhpisfvgkjvflkotvzbzfvmlmcn\">\n<div data-brz-translate-text=\"1\">\n<p class=\"brz-tp-lg-subtitle brz-text-lg-center brz-css-dXU9q\" data-uniq-id=\"ftObq\" data-generated-css=\"brz-css-atMgA\">Encuentra una Lady Rugs en estos sitios magn\u00edficos.<\/p>\n<\/div>\n<\/div>\n<\/div>\n<div id=\"\" class=\"brz-css-n6aYr brz-css-es1Ou brz-css-l2z6E brz-wrapper\">\n<div class=\"brz-spacer brz-css-viFpb brz-css-jd0Ig\"><\/div>\n<\/div>\n<div class=\"brz-row__container brz-css-e7j59\" data-brz-custom-id=\"mhjpbtpzgfujxuoysohkwacgusfyddawawdd\">\n<div class=\"brz-bg\"><\/div>\n<div class=\"brz-row brz-css-mKco4 brz-css-oePYf\">\n<div class=\"brz-columns brz-css-fhG81 brz-css-us2Zx\" data-brz-custom-id=\"ixjngajetweeiietjfzvtztfanvzwschbkot\">\n<div class=\"brz-bg\"><\/div>\n<div class=\"brz-column__items brz-css-u8wGF brz-css-zOnkM\">\n<div id=\"\" class=\"brz-css-n6aYr brz-css-bsUdv brz-wrapper\">\n<div class=\"brz-image brz-css-jGrr_\" data-brz-custom-id=\"afhfbbolqoyeiyngxzsqlmmepfgtzgwvylpk\"><picture class=\"brz-picture brz-d-block brz-p-relative brz-css-y64em\"><source srcset=\"https:\/\/ladyrugs.com\/?brizy_media=wp-8bd49bd9cb23deeaf1b9e15d11e1b37c.png&amp;brizy_crop=iW%3D415%26iH%3D414%26oX%3D28%26oY%3D0%26cW%3D360%26cH%3D414 1x, https:\/\/ladyrugs.com\/?brizy_media=wp-8bd49bd9cb23deeaf1b9e15d11e1b37c.png&amp;brizy_crop=iW%3D830%26iH%3D828%26oX%3D56%26oY%3D0%26cW%3D720%26cH%3D828 2x\" media=\"(min-width: 992px)\"><source srcset=\"https:\/\/ladyrugs.com\/?brizy_media=wp-8bd49bd9cb23deeaf1b9e15d11e1b37c.png&amp;brizy_crop=iW%3D260%26iH%3D260%26oX%3D17%26oY%3D0%26cW%3D226%26cH%3D260 1x, https:\/\/ladyrugs.com\/?brizy_media=wp-8bd49bd9cb23deeaf1b9e15d11e1b37c.png&amp;brizy_crop=iW%3D520%26iH%3D520%26oX%3D34%26oY%3D0%26cW%3D452%26cH%3D520 2x\" media=\"(min-width: 768px)\"><img decoding=\"async\" class=\"brz-img\" srcset=\"https:\/\/ladyrugs.com\/?brizy_media=wp-8bd49bd9cb23deeaf1b9e15d11e1b37c.png&amp;brizy_crop=iW%3D450%26iH%3D449%26oX%3D30%26oY%3D0%26cW%3D390%26cH%3D449 1x, https:\/\/ladyrugs.com\/?brizy_media=wp-8bd49bd9cb23deeaf1b9e15d11e1b37c.png&amp;brizy_crop=iW%3D900%26iH%3D898%26oX%3D60%26oY%3D0%26cW%3D780%26cH%3D898 2x\" src=\"https:\/\/ladyrugs.com\/?brizy_media=wp-8bd49bd9cb23deeaf1b9e15d11e1b37c.png&amp;brizy_crop=iW%3D415%26iH%3D414%26oX%3D28%26oY%3D0%26cW%3D360%26cH%3D414\" alt=\"{{placeholder content='e3sgYnJpenlfZGNfaW1hZ2VfYWx0IH19' imageSrc='wp-8bd49bd9cb23deeaf1b9e15d11e1b37c.png'}}\" draggable=\"false\" loading=\"lazy\"><\/picture><\/div>\n<\/div>\n<div class=\"brz-row__container brz-css-e7j59\" data-brz-custom-id=\"nyzashdqukprsdyiywzwajsupuahtfmdjpib\">\n<div class=\"brz-bg\"><\/div>\n<div class=\"brz-row brz-row--inner brz-css-mKco4 brz-css-oePYf\">\n<div class=\"brz-columns brz-css-fhG81 brz-css-uhxNg\" data-brz-custom-id=\"hcgpsmvpczeahnkokfcuzsasbizinmynsnyz\">\n<div class=\"brz-bg\">\n<div class=\"brz-bg-color\"><\/div>\n<\/div>\n<div class=\"brz-column__items brz-css-u8wGF brz-css-iA65w\">\n<div id=\"\" class=\"brz-css-n6aYr brz-css-es1Ou brz-css-j8TE4 brz-wrapper\">\n<div class=\"brz-spacer brz-css-viFpb brz-css-vZmgq\"><\/div>\n<\/div>\n<div id=\"\" class=\"brz-css-n6aYr brz-wrapper\">\n<div class=\"brz-icon-text brz-css-qkh0p brz-css-fEaOV\" data-brz-custom-id=\"fwfdvldqisdqiebixeeddexevgofvcpzhqxn\">\n<div class=\"brz-icon__container\" data-brz-custom-id=\"vsdrehfdtfzvowxlojcvdkbzyrtobkwnnfnv\">\n<div class=\"brz-hover-animation__container\" data-brz-hover-animationid=\"vsdrehfdtfzvowxlojcvdkbzyrtobkwnnfnv\" data-brz-hover-options=\"%7B%22duration%22:600,%22iterations%22:1%7D\" data-brz-hover-reversible=\"true\" data-brz-hover-target=\"%22firstChild%22\"><span class=\"brz-icon brz-span brz-css-nc411 brz-css-hE_un\"><svg class=\"brz-icon-svg align-[initial]\"><use href=\"\/wp-content\/plugins\/brizy\/public\/editor-build\/prod\/editor\/icons\/glyph\/pin-3.svg#nc_icon\"><\/use><\/svg><\/span><\/div>\n<\/div>\n<div class=\"brz-text-btn\">\n<div class=\"brz-rich-text brz-rich-text__custom brz-css-jtsfA\" data-brz-custom-id=\"ncmjvqlxsqwgygvuhanasvnomgknkhgiqncc\">\n<div data-brz-translate-text=\"1\">\n<h6 class=\"brz-mb-lg-10 brz-tp-lg-empty brz-ff-lato brz-ft-google brz-fs-lg-16 brz-fss-lg-px brz-fw-lg-400 brz-ls-lg-0 brz-lh-lg-1_9 brz-css-ivJNQ\" data-uniq-id=\"pxrzx\" data-generated-css=\"brz-css-gwvgr\"><span class=\"brz-cp-color2\">Amor\u00edo<\/span><\/h6>\n<p class=\"brz-tp-lg-empty brz-ff-lato brz-ft-google brz-fs-lg-16 brz-fss-lg-px brz-fw-lg-400 brz-ls-lg-0 brz-lh-lg-1_9 brz-css-q_GUL\" data-uniq-id=\"ygkyj\" data-generated-css=\"brz-css-qwema\">CDMX<\/p>\n<\/div>\n<\/div>\n<\/div>\n<\/div>\n<\/div>\n<\/div>\n<\/div>\n<\/div>\n<\/div>\n<\/div>\n<\/div>\n<div class=\"brz-columns brz-css-fhG81 brz-css-vEZB_\" data-brz-custom-id=\"vGGtUspyhGGC\">\n<div class=\"brz-bg\"><\/div>\n<div class=\"brz-column__items brz-css-u8wGF\">\n<div id=\"\" class=\"brz-css-n6aYr brz-css-e9ONC brz-wrapper\">\n<div class=\"brz-image brz-css-fvOwC\" data-brz-custom-id=\"uP5Xd2nq8tut\"><picture class=\"brz-picture brz-d-block brz-p-relative brz-css-mxICH\"><source srcset=\"https:\/\/ladyrugs.com\/?brizy_media=wp-db71cfe000ff0e8ba5a6e763a8940729.png&amp;brizy_crop=iW%3D360%26iH%3D450%26oX%3D0%26oY%3D18%26cW%3D360%26cH%3D414 1x, https:\/\/ladyrugs.com\/?brizy_media=wp-db71cfe000ff0e8ba5a6e763a8940729.png&amp;brizy_crop=iW%3D720%26iH%3D900%26oX%3D0%26oY%3D36%26cW%3D720%26cH%3D828 2x\" media=\"(min-width: 992px)\"><source srcset=\"https:\/\/ladyrugs.com\/?brizy_media=wp-db71cfe000ff0e8ba5a6e763a8940729.png&amp;brizy_crop=iW%3D226%26iH%3D283%26oX%3D0%26oY%3D11%26cW%3D226%26cH%3D260 1x, https:\/\/ladyrugs.com\/?brizy_media=wp-db71cfe000ff0e8ba5a6e763a8940729.png&amp;brizy_crop=iW%3D452%26iH%3D566%26oX%3D0%26oY%3D22%26cW%3D452%26cH%3D520 2x\" media=\"(min-width: 768px)\"><img decoding=\"async\" class=\"brz-img\" srcset=\"https:\/\/ladyrugs.com\/?brizy_media=wp-db71cfe000ff0e8ba5a6e763a8940729.png&amp;brizy_crop=iW%3D430%26iH%3D538%26oX%3D0%26oY%3D22%26cW%3D430%26cH%3D495 1x, https:\/\/ladyrugs.com\/?brizy_media=wp-db71cfe000ff0e8ba5a6e763a8940729.png&amp;brizy_crop=iW%3D860%26iH%3D1076%26oX%3D0%26oY%3D44%26cW%3D860%26cH%3D990 2x\" src=\"https:\/\/ladyrugs.com\/?brizy_media=wp-db71cfe000ff0e8ba5a6e763a8940729.png&amp;brizy_crop=iW%3D360%26iH%3D450%26oX%3D0%26oY%3D18%26cW%3D360%26cH%3D414\" alt=\"{{placeholder content='e3sgYnJpenlfZGNfaW1hZ2VfYWx0IH19' imageSrc='wp-db71cfe000ff0e8ba5a6e763a8940729.png'}}\" draggable=\"false\" loading=\"lazy\"><\/picture><\/div>\n<\/div>\n<div class=\"brz-row__container brz-css-e7j59\" data-brz-custom-id=\"oyTpyHCajmgx\">\n<div class=\"brz-bg\"><\/div>\n<div class=\"brz-row brz-row--inner brz-css-mKco4 brz-css-oePYf\">\n<div class=\"brz-columns brz-css-fhG81 brz-css-dk7Op\" data-brz-custom-id=\"hIxOXInGjCza\">\n<div class=\"brz-bg\">\n<div class=\"brz-bg-color\"><\/div>\n<\/div>\n<div class=\"brz-column__items brz-css-u8wGF brz-css-vi3YT\">\n<div id=\"\" class=\"brz-css-n6aYr brz-css-es1Ou brz-css-l5dkY brz-wrapper\">\n<div class=\"brz-spacer brz-css-viFpb brz-css-lMyIU\"><\/div>\n<\/div>\n<div id=\"\" class=\"brz-css-n6aYr brz-wrapper\">\n<div class=\"brz-icon-text brz-css-qkh0p brz-css-u6ONA\" data-brz-custom-id=\"fA4ZEx6sLAkg\">\n<div class=\"brz-icon__container\" data-brz-custom-id=\"oiSSkP7OB8_A\">\n<div class=\"brz-hover-animation__container\" data-brz-hover-animationid=\"oiSSkP7OB8_A\" data-brz-hover-options=\"%7B%22duration%22:600,%22iterations%22:1%7D\" data-brz-hover-reversible=\"true\" data-brz-hover-target=\"%22firstChild%22\"><span class=\"brz-icon brz-span brz-css-nc411 brz-css-bHQSJ\"><svg class=\"brz-icon-svg align-[initial]\"><use href=\"\/wp-content\/plugins\/brizy\/public\/editor-build\/prod\/editor\/icons\/glyph\/pin-3.svg#nc_icon\"><\/use><\/svg><\/span><\/div>\n<\/div>\n<div class=\"brz-text-btn\">\n<div class=\"brz-rich-text brz-rich-text__custom brz-css-jtsfA\" data-brz-custom-id=\"fciGEFa8gT2v\">\n<div data-brz-translate-text=\"1\">\n<h6 class=\"brz-lh-lg-1_9 brz-ls-lg-0 brz-fw-lg-400 brz-fss-lg-px brz-fs-lg-16 brz-ft-google brz-ff-lato brz-tp-lg-empty brz-mb-lg-10 brz-css-xXJJz\" data-generated-css=\"brz-css-qvejx\" data-uniq-id=\"ejvgv\"><span class=\"brz-cp-color2\">LAR estudio <\/span><\/h6>\n<p class=\"brz-lh-lg-1_9 brz-ls-lg-0 brz-fw-lg-400 brz-fss-lg-px brz-fs-lg-16 brz-ft-google brz-ff-lato brz-tp-lg-empty brz-css-kH_lI\" data-generated-css=\"brz-css-pncnl\" data-uniq-id=\"twlrz\"><span style=\"opacity: 1;\" class=\"brz-cp-color2\">Guanajuato, MX.<\/span><strong style=\"opacity: 1;\" class=\"brz-cp-color2\"> <\/strong><\/p>\n<\/div>\n<\/div>\n<\/div>\n<\/div>\n<\/div>\n<div class=\"brz-wrapper-clone brz-css-oVdq2\">\n<div class=\"brz-d-xs-flex brz-flex-xs-wrap brz-css-gVELW\" data-brz-custom-id=\"\">\n<div class=\"brz-wrapper-clone__item\" id=\"siv7NDGBS3VN\">\n<div class=\"brz-hover-animation__container\" data-brz-hover-animationid=\"ex3BjQkn_0KP\" data-brz-hover-options=\"%7B%22duration%22:600,%22iterations%22:1%7D\" data-brz-hover-reversible=\"true\" data-brz-hover-target=\"%22firstChild%22\"><a class=\"brz-a brz-btn brz-css-yefzE brz-css-nG2f6 brz-css-yXxwj\" href=\"https:\/\/lar-estudio.myshopify.com\/collections\/lady-rugs\" target=\"_self\" rel=\"noopener\" data-brz-link-type=\"external\" data-brz-custom-id=\"siv7NDGBS3VN\"><span data-brz-translate-text=\"1\" class=\"brz-span brz-text__editor\" contenteditable=\"false\">TIENDA<\/span><\/a><\/div>\n<\/div>\n<\/div>\n<\/div>\n<\/div>\n<\/div>\n<\/div>\n<\/div>\n<\/div>\n<\/div>\n<div class=\"brz-columns brz-css-fhG81 brz-css-sRAFW\" data-brz-custom-id=\"lhoesxzxoaekpijebttrryxentkrlbjzntyp\">\n<div class=\"brz-bg\"><\/div>\n<div class=\"brz-column__items brz-css-u8wGF brz-css-xzVJf\">\n<div id=\"\" class=\"brz-css-n6aYr brz-css-exlQ0 brz-wrapper\">\n<div class=\"brz-image brz-css-fpll2\" data-brz-custom-id=\"asybujqpnfvtdnoiovjpyofyucznzmplpnfl\"><picture class=\"brz-picture brz-d-block brz-p-relative brz-css-kOWO_\"><source srcset=\"https:\/\/ladyrugs.com\/?brizy_media=wp-b73422c40bff794a481f57eb4a54caae.png&amp;brizy_crop=iW%3D361%26iH%3D423%26oX%3D0%26oY%3D4%26cW%3D361%26cH%3D415 1x, https:\/\/ladyrugs.com\/?brizy_media=wp-b73422c40bff794a481f57eb4a54caae.png&amp;brizy_crop=iW%3D722%26iH%3D846%26oX%3D0%26oY%3D8%26cW%3D722%26cH%3D830 2x\" media=\"(min-width: 992px)\"><source srcset=\"https:\/\/ladyrugs.com\/?brizy_media=wp-b73422c40bff794a481f57eb4a54caae.png&amp;brizy_crop=iW%3D227%26iH%3D265%26oX%3D0%26oY%3D2%26cW%3D227%26cH%3D261 1x, https:\/\/ladyrugs.com\/?brizy_media=wp-b73422c40bff794a481f57eb4a54caae.png&amp;brizy_crop=iW%3D454%26iH%3D530%26oX%3D0%26oY%3D4%26cW%3D454%26cH%3D522 2x\" media=\"(min-width: 768px)\"><img decoding=\"async\" class=\"brz-img\" srcset=\"https:\/\/ladyrugs.com\/?brizy_media=wp-b73422c40bff794a481f57eb4a54caae.png&amp;brizy_crop=iW%3D390%26iH%3D457%26oX%3D0%26oY%3D4%26cW%3D390%26cH%3D449 1x, https:\/\/ladyrugs.com\/?brizy_media=wp-b73422c40bff794a481f57eb4a54caae.png&amp;brizy_crop=iW%3D780%26iH%3D914%26oX%3D0%26oY%3D8%26cW%3D780%26cH%3D898 2x\" src=\"https:\/\/ladyrugs.com\/?brizy_media=wp-b73422c40bff794a481f57eb4a54caae.png&amp;brizy_crop=iW%3D361%26iH%3D423%26oX%3D0%26oY%3D4%26cW%3D361%26cH%3D415\" alt=\"{{placeholder content='e3sgYnJpenlfZGNfaW1hZ2VfYWx0IH19' imageSrc='wp-b73422c40bff794a481f57eb4a54caae.png'}}\" draggable=\"false\" loading=\"lazy\"><\/picture><\/div>\n<\/div>\n<div class=\"brz-row__container brz-css-e7j59\" data-brz-custom-id=\"cdobmmnzhvljcxowmegvodlzortfnjoqmwtb\">\n<div class=\"brz-bg\"><\/div>\n<div class=\"brz-row brz-row--inner brz-css-mKco4 brz-css-oePYf\">\n<div class=\"brz-columns brz-css-fhG81 brz-css-xNaTZ\" data-brz-custom-id=\"iudhxdbyeqvilzyrknusqogevoyyxswyakdp\">\n<div class=\"brz-bg\">\n<div class=\"brz-bg-color\"><\/div>\n<\/div>\n<div class=\"brz-column__items brz-css-u8wGF brz-css-rUHlB\">\n<div id=\"\" class=\"brz-css-n6aYr brz-css-es1Ou brz-css-ntFN3 brz-wrapper\">\n<div class=\"brz-spacer brz-css-viFpb brz-css-p5Jmm\"><\/div>\n<\/div>\n<div id=\"\" class=\"brz-css-n6aYr brz-wrapper\">\n<div class=\"brz-icon-text brz-css-qkh0p brz-css-uMmf4\" data-brz-custom-id=\"ymymmxezxcmvyybfznkowvqrewzpbcdqwmge\">\n<div class=\"brz-icon__container\" data-brz-custom-id=\"ofboxxyaugicssbwmoztfpsrcdajrixbwbxt\">\n<div class=\"brz-hover-animation__container\" data-brz-hover-animationid=\"ofboxxyaugicssbwmoztfpsrcdajrixbwbxt\" data-brz-hover-options=\"%7B%22duration%22:600,%22iterations%22:1%7D\" data-brz-hover-reversible=\"true\" data-brz-hover-target=\"%22firstChild%22\"><span class=\"brz-icon brz-span brz-css-nc411 brz-css-wS2GQ\"><svg class=\"brz-icon-svg align-[initial]\"><use href=\"\/wp-content\/plugins\/brizy\/public\/editor-build\/prod\/editor\/icons\/glyph\/pin-3.svg#nc_icon\"><\/use><\/svg><\/span><\/div>\n<\/div>\n<div class=\"brz-text-btn\">\n<div class=\"brz-rich-text brz-rich-text__custom brz-css-jtsfA\" data-brz-custom-id=\"pnvcizphcxrahesjyayunkpdbfyxdvohhaki\">\n<div data-brz-translate-text=\"1\">\n<h6 class=\"brz-lh-lg-1_9 brz-ls-lg-0 brz-fw-lg-400 brz-fss-lg-px brz-fs-lg-16 brz-ft-google brz-ff-lato brz-tp-lg-empty brz-mb-lg-10 brz-css-amvdw\" data-generated-css=\"brz-css-zLlWy\" data-uniq-id=\"d7s9g\">Hotel Esperanza<\/h6>\n<p class=\"brz-lh-lg-1_9 brz-ls-lg-0 brz-fw-lg-400 brz-fss-lg-px brz-fs-lg-16 brz-ft-google brz-ff-lato brz-tp-lg-empty brz-css-rEVCq\" data-generated-css=\"brz-css-eKj1S\" data-uniq-id=\"ezh49\"><span class=\"brz-cp-color2\" style=\"opacity: 1;\">Los Cabos, MX.<\/span><strong class=\"brz-cp-color2\" style=\"opacity: 1;\"> <\/strong><\/p>\n<\/div>\n<\/div>\n<\/div>\n<\/div>\n<\/div>\n<\/div>\n<\/div>\n<\/div>\n<\/div>\n<\/div>\n<\/div>\n<\/div>\n<\/div>\n<\/div>\n<\/div>\n<\/section>\n<p>{{ brizy_dc_global_blocks position=&#8217;bottom&#8217; }}<\/p><\/div>\n<p>    <!-- version:1734404958 --><\/p>\n","protected":false},"excerpt":{"rendered":"<p>{{ brizy_dc_global_blocks position=&#8217;top&#8217; }} \u00a1Tengo la fortuna incre\u00edble de exponer mis piezas en lugares maravillosos! Encuentra una Lady Rugs en estos sitios magn\u00edficos. Amor\u00edo CDMX LAR estudio Guanajuato, MX. TIENDA Hotel Esperanza Los Cabos, MX. {{ brizy_dc_global_blocks position=&#8217;bottom&#8217; }}<\/p>\n","protected":false},"author":1,"featured_media":0,"parent":0,"menu_order":0,"comment_status":"closed","ping_status":"closed","template":"brizy-blank-template.php","meta":{"footnotes":""},"class_list":["post-872","page","type-page","status-publish","hentry"],"_links":{"self":[{"href":"https:\/\/ladyrugs.com\/index.php\/wp-json\/wp\/v2\/pages\/872","targetHints":{"allow":["GET"]}}],"collection":[{"href":"https:\/\/ladyrugs.com\/index.php\/wp-json\/wp\/v2\/pages"}],"about":[{"href":"https:\/\/ladyrugs.com\/index.php\/wp-json\/wp\/v2\/types\/page"}],"author":[{"embeddable":true,"href":"https:\/\/ladyrugs.com\/index.php\/wp-json\/wp\/v2\/users\/1"}],"replies":[{"embeddable":true,"href":"https:\/\/ladyrugs.com\/index.php\/wp-json\/wp\/v2\/comments?post=872"}],"version-history":[{"count":9,"href":"https:\/\/ladyrugs.com\/index.php\/wp-json\/wp\/v2\/pages\/872\/revisions"}],"predecessor-version":[{"id":1026,"href":"https:\/\/ladyrugs.com\/index.php\/wp-json\/wp\/v2\/pages\/872\/revisions\/1026"}],"wp:attachment":[{"href":"https:\/\/ladyrugs.com\/index.php\/wp-json\/wp\/v2\/media?parent=872"}],"curies":[{"name":"wp","href":"https:\/\/api.w.org\/{rel}","templated":true}]}}